
Let b(t) = 3*t**2 + t. Let h be b(2). Let k be 1/(((-99)/10)/9 + 1). Let i = h - k. What is the tens digit of i?
2
Let b = -4271 - -6026. What is the units digit of b?
5
Let w = -2136 - -3181. What is the units digit of w?
5
Suppose 4*v - 7*z = -12*z + 1799, 2*v - 4*z - 906 = 0. What is the units digit of v?
1
Suppose 5*v + 55 = 2*l - 0*v, -2*l - 5*v = -5. Let k be (l/(-6))/((-2)/(-4)). What is the units digit of 99/5 + (-1)/k?
0
Suppose -588 = 25*w - 15663. What is the tens digit of w?
0
Let n(o) = 3*o**3 - 7*o**2 - o - 2. What is the tens digit of n(6)?
8
Suppose 2*o + 3*g = 50 - 15, -3*o - g + 35 = 0. Let s(p) = p**2 - 9*p - 6. Let x be s(o). Suppose -x*f + 20 + 32 = 0. What is the units digit of f?
3
Suppose 968 = 9*g - 976. What is the hundreds digit of g?
2
Suppose -4*f = v + 1, -5*v - 1 = 2*f + 4. Suppose -4*z + 306 - 90 = f. Let n = z - 34. What is the tens digit of n?
2
Suppose 2*w - 71 + 213 = 4*s, -5*w = -5*s + 335. Let f = 144 + w. What is the units digit of f?
1
Suppose -3*f + 2*s - 20 = -6*f, -f = 5*s + 15. Suppose -17*g + 1834 = -f*g. What is the units digit of g?
2
Let g = 399 + -212. Suppose 2*l - 3*l = -3*u + g, -4*u + 281 = 5*l. What is the tens digit of u?
6
Let i(m) = 608*m**2 + m + 1. What is the hundreds digit of i(-1)?
6
Let y = 21 + 95. Let i = y + -63. What is the tens digit of i?
5
Let x(g) = -g**3 + 5*g**2 + g - 3. Suppose -4*l = -3*l + 4*z - 23, 0 = -3*l - 2*z + 19. Let a be ((-3)/1)/(-3) + l. What is the units digit of x(a)?
7
Let y(o) = -o**3 - 8*o**2 - 9*o - 7. Suppose b = -4*v + v - 26, 0 = -v + 3*b + 8. What is the units digit of y(v)?
7
Suppose -4*c = f - 60, 7*f - 6*f - 4*c = 92. What is the units digit of f?
6
Suppose -4*d - 22 = -5*b + 9, d = 4*b - 16. Suppose -191 + 203 = 4*s. Suppose 2*n = -b*c + 8, -s*n = -3*c - 6*n + 9. What is the units digit of c?
2
Let p = 9 - 7. Let v be p/3 - (-46)/3. Suppose 0 = 2*n - 4*l - 66 + 4, -n - l = -v. What is the tens digit of n?
2
Suppose 4*n - 591 = 3*n. What is the units digit of n?
1
Let m(a) = -a**2 - 11*a - 7. Let x = 9 + -5. Suppose t = -1 - x. What is the tens digit of m(t)?
2
Let t = -1488 + 2209. What is the hundreds digit of t?
7
Let s(b) = b**2 + 2*b - 23. Let x be s(11). Let d = x - -24. What is the tens digit of d?
4
Let n(c) = -27*c - 82. What is the hundreds digit of n(-7)?
1
Let b be (1/3)/(3/261). Suppose -16 = -5*p + b. Suppose 0*r + r = p. What is the units digit of r?
9
What is the tens digit of 18798/15 + 18/(-15)?
5
Suppose 2*l + 3*n + 15 = 0, 0 = l + 4*n + n + 25. Suppose -2*k + q = -3, 5*k - 4*q - 7 = -4. Suppose 4*j - 5*j + k = l. What is the units digit of j?
3
Let l = 1959 + -222. What is the tens digit of l?
3
Let t(n) = -n**2 - 8 - 11*n + 7 - 5*n - 11. Let g be t(-15). Suppose -5*w - 5*l + 41 + 159 = 0, -w = g*l - 34. What is the units digit of w?
3
Suppose 30*i - 9277 = 12623. What is the units digit of i?
0
Let z be 4/6 + 935/15. Suppose 0*x - x + z = -r, -5*x - 2*r + 336 = 0. Let y = x + -41. What is the tens digit of y?
2
Let y(m) = 17*m**2 + 4*m - 5. Let p(j) = 8*j**2 + 2*j - 2. Let c(r) = 7*p(r) - 3*y(r). Let d be c(3). Let l = -31 + d. What is the tens digit of l?
2
Let n(r) = r**2 - r - 21. What is the tens digit of n(-11)?
1
Suppose 18708 + 11550 = 9*w. What is the thousands digit of w?
3
Suppose -2*y = 5*c - 2*c + 9, -3*y - c = 3. Suppose 32*p - 31*p - 70 = y. What is the tens digit of p?
7
Let v = 3135 + -2147. What is the units digit of v?
8
Let a(o) = 5*o**2 - 8*o - 16. Let c(g) = -4*g**2 + 7*g + 15. Let i(v) = -3*a(v) - 4*c(v). What is the tens digit of i(-5)?
3
Let t = -27 - 9. Let m(x) = x + 28. Let o be m(23). Let p = o + t. What is the tens digit of p?
1
Let g be (-14)/14 - 4/(-1) - -710. Let u = g + -377. What is the units digit of u?
6
Let n(t) = -t**3 - 16*t**2 - 12*t - 7. Let g be n(-16). Suppose -5*o - 3*r + g = -4*o, 192 = o - 4*r. What is the units digit of o?
8
Suppose -4*c = -3*c - 34. Let j(n) = n**3 + 6*n**2 - 10*n + 36. Let z be j(-8). What is the tens digit of z/(-8)*c/3?
1
Let l = 522 + -852. Let z = l - -581. What is the tens digit of z?
5
Suppose 0 = 2*c + 4*r - 4142, -5*c = -33*r + 35*r - 10339. What is the tens digit of c?
6
Let q(n) = -2*n**3 - 16*n**2 + 29*n + 72. What is the thousands digit of q(-13)?
1
Let k = -13 - -18. Suppose -k*h - 17 = 2*p - 0*h, -3*p = 3*h + 3. Suppose -v + 2*l - 4 = -20, l = -p*v + 82. What is the tens digit of v?
2
What is the units digit of (1253/(-21) + -5)*(-6)/4?
7
Suppose -4*p + 94 = -2*c, -p + c + 1 = 5*c. What is the units digit of p?
1
Suppose -5*x + 2552 = 952. What is the units digit of x?
0
Let g(j) = j**2 + 3*j + 1. Let t be g(-3). Let r = t + -4. Let l = r + 6. What is the units digit of l?
3
Let n be (-53)/(2 + -1)*2. Let k be ((15/(-6))/(-5))/(5/(-590)). Let w = k - n. What is the units digit of w?
7
Let i(j) = -j**3 + 4*j**2 - 2*j + 1. Let f be i(4). Let w(v) = v**3 + 10*v**2 + 8*v. What is the tens digit of w(f)?
9
What is the units digit of (-5 + 234)*(-1 + (9 - 3))?
5
Let p(a) = 3*a**2 + 2*a - 13. What is the units digit of p(-11)?
8
What is the hundreds digit of 7 + (-103448)/(-32) + (-15)/(-12)?
2
Suppose -3*t + 8 = 2. Let f be (-5)/t - 3/(-6). Let u(m) = -12*m. What is the units digit of u(f)?
4
Let x be 0 + -2 + (1 - -1). Suppose -285 = -5*d - 5*m, -m + 240 = 4*d - x*m. What is the tens digit of d?
6
Let p(l) = -l**3 + 7*l**2 - 4*l + 6. Let m be p(5). Let s = 19 - -5. Suppose x = 2*q - s, 0 = 3*q - 0*q - 3*x - m. What is the units digit of q?
2
Suppose 0 = -91*v + 11*v + 270000. What is the thousands digit of v?
3
Suppose 1539 = 3*n - 2*k, 10*k = -n + 13*k + 506. What is the units digit of n?
5
Let o = -1328 - -2388. What is the hundreds digit of o?
0
Suppose 39*z = 77*z - 125628. What is the units digit of z?
6
Let w(a) = -5*a - 6. Let d be w(-2). What is the units digit of (8/4 - d) + 10?
8
Let g(v) = -7*v + 5. Let k be g(3). What is the tens digit of k/(-6)*(-1134)/(-36)?
8
Suppose -7*c - i = -2*c - 905, 735 = 4*c + 3*i. What is the tens digit of c?
8
Let l = 1924 + -139. What is the units digit of l?
5
Let t(m) = m**2 + 3*m - 10. Suppose -z + 0*z + 22 = -5*a, 2*a + 2 = -3*z. Suppose -i = -z*i - 7. What is the tens digit of t(i)?
1
Let f(u) = 5*u**2 - 10*u - 7. Let n(k) = 6*k**2 - 9*k - 7. Let w(i) = -5*f(i) + 4*n(i). What is the tens digit of w(7)?
5
Let x(h) = 5*h + 9. Let b(t) = -4*t - 10. Let n(v) = -4*b(v) - 5*x(v). Suppose -3615*m + 3609*m = 18. What is the tens digit of n(m)?
2
Suppose 0 = 107*d - 99*d - 30008. What is the thousands digit of d?
3
Let t = -13 - -22. Let h(v) = v**2 - v**2 - v**2 + 4 + t*v + 0*v. What is the tens digit of h(6)?
2
What is the thousands digit of (-374264)/(-132)*3/2?
4
Suppose 53*n = 48*n + 5880. What is the units digit of n?
6
Let j(w) = 4*w**2 - 2*w - 2. Let g be j(2). Let y be 1*(-9 - (-3 - -2)). Let c = g + y. What is the units digit of c?
2
Let h(p) be the first derivative of -5*p**2/2 - 3*p - 165. Suppose -2*l = 5*u - 17 + 62, 3*u + 2*l + 31 = 0. What is the tens digit of h(u)?
3
Let s(j) = 13*j + 617. What is the tens digit of s(28)?
8
Let v(b) = -33 + 22*b - 16*b + 6*b. What is the hundreds digit of v(14)?
1
Suppose 666*j + 1253 = 667*j. What is the tens digit of j?
5
Let j(q) = -6 - 4*q + 2 - 2*q**2 - 3 + q**3 + 7*q**2. Let s be j(-5). Let x = s - 7. What is the units digit of x?
6
Let i(u) = u**2 - 17*u + 11. Let y(a) = -a**2 + 23*a + 17. Let o be y(23). What is the tens digit of i(o)?
1
Let t be -3*(2 - 1)*1. Let k(r) = 3 + 4*r - 1 + 2 + 4*r**2. What is the units digit of k(t)?
8
Let s be (340/2)/(4/12). Suppose -12*y + 6*y = -s. What is the tens digit of y?
8
Suppose 4*c + 14 = 3*y, 3*c + 3 = 4*y - 18. What is the units digit of ((-1)/y - (-845)/(-6))*-1?
1
Suppose 10*c + 8401 - 36451 = 0. What is the tens digit of c?
0
Let w(c) = 11*c**2 - 11*c + 37. What is the units digit of w(6)?
7
Suppose 5*b = -2*f + 13565, -7*b + 3*b - f = -10855. What is the hundreds digit of b?
7
Let j(f) = -31*f - 1. Let z(x) = 31*x. Let v(c) = 5*j(c) + 4*z(c). Let k(t) = 32*t + 6. Let w(p) = 4*k(p) + 5*v(p). What is the tens digit of w(-2)?
5
What is the units digit of (-4272)/24*(0 - (-1)/(-2))?
9
Let t(u) = 4*u + 17. Let a be t(4). Suppose -4*q + 20 = -4*o + 72, 5*o = -3*q + a. What is the units digit of o?
9
Let g = 